- 26640336?
-26640363
In base 15, what is 6 - -47806a?
478071
In base 12, what is -34b69 - -2?
-34b67
In base 8, what is -241 + 2167207?
2166746
In base 15, what is -2 - -454347?
454345
In base 4, what is -101102 - -3011212200?
3011111032
In base 7, what is -4520165 - 161?
-4520356
In base 16, what is -1 + 4b64bb7?
4b64bb6
In base 4, what is 1 - -1211331033111?
1211331033112
In base 16, what is 73 - b71?
-afe
In base 12, what is 1525a7 - -9?
1525b4
In base 11, what is -12929a9 + -3?
-1292a01
In base 2, what is -110100101 - -10000011111000100?
10000011000011111
In base 11, what is 76269 - 15a?
7610a
In base 10, what is 5272 - 4270?
1002
In base 14, what is 118d1 - -599?
1208a
In base 5, what is 10042 + 21231022?
21241114
In base 3, what is -2021 - -1202110102?
1202101011
In base 16, what is -2 - 110d31d?
-110d31f
In base 2, what is -1001111011011000101010 - 1001?
-1001111011011000110011
In base 4, what is 12 - -33120130130?
33120130202
In base 3, what is -12 - -22222211120120?
22222211120101
In base 15, what is 1a55 + -4d4c?
-32e7
In base 3, what is -12 - 101101011100101?
-101101011100120
In base 15, what is -297a3 + 3e?
-29764
In base 3, what is 211 - 11122211122?
-11122210211
In base 4, what is 1 + 1011232001?
1011232002
In base 8, what is 16 - -767007?
767025
In base 10, what is 244517 + 439?
244956
In base 3, what is 221211010112100 - -201?
221211010120001
In base 4, what is -312011120303 - -3?
-312011120300
In base 4, what is 2320203130 + -22?
2320203102
In base 15, what is 6a974916 + -1?
6a974915
In base 9, what is 6001812 + -248?
6001553
In base 4, what is 223 + 22000320020?
22000320303
In base 12, what is 1a8a7 + 66?
1a951
In base 6, what is -32340 - -124233?
51453
In base 14, what is -96b - -714?
-257
In base 12, what is 4 - 352a400?
-352a3b8
In base 15, what is -3a8a3 - 2?
-3a8a5
In base 5, what is 24 + -431314344?
-431314320
In base 11, what is 1883004 - 2?
1883002
In base 7, what is -10455250 + -1416?
-10456666
In base 4, what is -301112331320 - 3?
-301112331323
In base 2, what is 100 + -100110010011101010011111?
-100110010011101010011011
In base 3, what is 22210101201 - -220021?
22211021222
In base 7, what is -550360 - 511?
-551201
In base 4, what is 22 - -1200331213?
1200331301
In base 15, what is -151 - -82c9?
8178
In base 12, what is 795b4418 + 1?
795b4419
In base 15, what is c6 + -22b93?
-22abc
In base 11, what is 12 - 2016814?
-2016802
In base 5, what is -12232112 - 40303?
-12322420
In base 11, what is -17499 + -138a?
-18878
In base 11, what is 8a6156 - 6?
8a6150
In base 10, what is -181826 + 6?
-181820
In base 16, what is ef - -2967?
2a56
In base 5, what is -410 + 114010442?
114010032
In base 14, what is -7 + 4b9bc0?
4b9bb7
In base 15, what is 9 - 18114c?
-181143
In base 2, what is 10011110000100111000 + 11001?
10011110000101010001
In base 5, what is -420313110120 + 0?
-420313110120
In base 4, what is -232131111321121 - 3?
-232131111321130
In base 15, what is -85 + -e1d9?
-e26e
In base 4, what is -10 - 1331301001123?
-1331301001133
In base 3, what is 120020 - 211010012?
-210112222
In base 10, what is -87 - 142379?
-142466
In base 5, what is -10213222411 - -4?
-10213222402
In base 4, what is 0 - 3003131332?
-3003131332
In base 11, what is -7021 + 974?
-6158
In base 3, what is 12200 + 2201001120?
2201021020
In base 5, what is -234 + -4412224?
-4413013
In base 12, what is 2 + b7183278?
b718327a
In base 8, what is 3 + -262731244?
-262731241
In base 11, what is 6927 - -7370?
13197
In base 11, what is -92359 + 815?
-91644
In base 12, what is a5312 - -2?
a5314
In base 14, what is 99d - -1158?
1b17
In base 11, what is -3 + a5603?
a5600
In base 5, what is 42102 + 422202?
1014304
In base 8, what is 53121546 - -10?
53121556
In base 14, what is 9076 - 33c?
8b38
In base 6, what is -101300205002 - 3?
-101300205005
In base 5, what is 34032 + -204141?
-120104
In base 10, what is -164 - 58684?
-58848
In base 6, what is 531320040 - 1?
531320035
In base 7, what is -265 - -30640?
30342
In base 7, what is -6 + -1245212326?
-1245212335
In base 5, what is 302011114133 + 11?
302011114144
In base 9, what is 60 + -7233357?
-7233287
In base 7, what is -2065036 - -46?
-2064660
In base 3, what is 111202 - 1000220021?
-1000101112
In base 6, what is 15030551321 + 5?
15030551330
In base 8, what is 0 - 414120375?
-414120375
In base 11, what is 17759 + -2712?
15047
In base 3, what is -112010020 - -210010112?
21000022
In base 10, what is -33004365 + 5?
-33004360
In base 14, what is 2 - -197dbc?
197dc0
In base 3, what is -20 - 200011002112?
-200011002202
In base 15, what is 2599 + 7c1?
2d6a
In base 16, what is 8 + 178d39?
178d41
In base 6, what is -3 - 243541455?
-243541502
In base 4, what is 2233030 + -103010?
2130020
In base 16, what is -f8 + -9316d?
-93265
In base 4, what is -12 + -10223320301?
-10223320313
In base 14, what is -73d - 2c7?
-a26
In base 12, what is 3a3 + -11a6a?
-11687
In base 14, what is -8266b + 1100?
-8156b
In base 11, what is 13909975 - 3?
13909972
In base 3, what is -1001112 - -10111200222?
10110122110
In base 16, what is -1b5e - 3?
-1b61
In base 11, what is -15a67 + -381?
-16338
In base 5, what is 2 - -2440244230?
2440244232
In base 5, what is 113304 + -1204?
112100
In base 13, what is 0 - 506b6cb?
-506b6cb
In base 2, what is -10 + -10000000001101100100111?
-10000000001101100101001
In base 3, what is 22 - -122020011200?
122020011222
In base 14, what is 1708d3 - -1b3?
170aa6
In base 7, what is -14 - -651066153?
651066136
In base 14, what is -3 - 27dc165c?
-27dc1661
In base 9, what is -1171 - 17048?
-18230
In base 7, what is 111606 - -6431?
121340
In base 4, what is -113 - 22310201?
-22310320
In base 8, what is -777634 + 711?
-776723
In base 2, what is 1001011010110100111 + 101011010?
1001011011100000001
In base 9, what is 5821 - -416?
6337
In base 3, what is -100102210 + -11221210?
-112101120
In base 3, what is 2212220101 + -221102?
2211221222
In base 6, what is -5 - -100513525?
100513520
In base 8, what is 3712643 + 12?
3712655
In base 11, what is -142027 - -31?
-141aa6
In base 15, what is -36791c - 4?
-367921
In base 5, what is 22 - -101410230?
101410302
In base 10, what is -14422 + -2716?
-17138
In base 16, what is 360f91d - 5?
360f918
In base 5, what is -114111212303 - 3?
-114111212311
In base 15, what is 1 - 18bce6?
-18bce5
In base 5, what is 11222013 - 223?
11221240
In base 15, what is -12d2d05 + 3?
-12d2d02
In base 8, what is 64350461 - 0?
64350461
In base 3, what is 20112101222002 + -1?
20112101222001
In base 5, what is 24143 - -2002201?
2031344
In base 11, what is 386 - 495476?
-4950a0
In base 9, what is 801437 + 157?
801605
In base 15, what is -11ab8 - 11?
-11ac9
In base 15, what is -5 + -86d8de2?
-86d8de7
In base 4, what is 1131003023210 - 3?
1131003023201
In base 10, what is 3 + 5103107?
5103110
In base 13, what is 66 - -1314c40?
1314ca6
In base 11, what is 2a1054 + 139?
2a1192
In base 5, what is 110 + -14114443213?
-14114443103
In base 8, what is -1 - 325657770?
-325657771
In base 2, what is 110 + -11110010100010011101000?
-11110010100010011100010
In base 10, what is -5 - 896171?
-896176
In base 10, what is -17 - -129038?
129021
In base 6, what is -350445052 - 24?
-350445120
In base 7, what is 105001 + 5525?
113526
In base 16, what is 6196c9 + 2?
6196cb
In base 2, what is -1001000111011011 + 10000011000?
-1000110111000011
In base 13, what is -16 + 5923395?
592337c
In base 5, what is 3 + -221020223?
-221020220
In base 8, what is -5007237 - 37?
-5007276
In base 11, what is 89363 + 848?
8a100
In base 13, what is 74c + -144b7?
-13a68
In base 2, what is -10 - 1111101010000000010100100100?
-1111101010000000010100100110
In base 14, what is 78c - 993?
-205
In base 3, what is 1121010202202 + 100201?
1121011010110
In base 10, what is 13321 + 520?
13841
In base 2, what is 10 + 11001010101001100100110011?
11001010101001100100110101
In base 2, what is 1011011010010010111 + 101?
1011011010010011100
In base 5, what is 3221 - -1142434?
1201210
In base 11, what is 2aa2592 - -33?
2aa2615
In base 15, what is -b520c4 - -4?
-b520c0
In base 14, what is 5 + 441b3?
441b8
In base 12, what is 4436bab + 3?
4436bb2
In base 13, what is -3a5c91 + 15?
-3a5c79
In base 13, what is -7 + 444992?
444988
In base 10, what is 9140658 + -6?
9140652
In base 15,